of r.
2
Let r = 34 + -21. List the prime factors of r.
13
Let p(m) = m**2 + 2*m - 3. Let t be p(-3). Suppose g + 6 - 26 = t. What are the prime factors of g?
2, 5
Suppose -w - 5 = 2*t + 2, -4*t - 47 = 5*w. Suppose 2*z - 3*z = 22. Let g = w - z. What are the prime factors of g?
11
Let y(f) = -f**2 + 15*f - 14. Let g be y(10). Let p = g + -9. List the prime factors of p.
3
Suppose 3*y + i - 8 = 0, i - 5*i + 17 = -3*y. What are the prime factors of ((-11)/(-33))/(y/9)?
3
Suppose -3*u - 8 = -5*x + 4, 4*u + 8 = 4*x. Let w(q) = q**2 - q - 1. Let o be w(x). Suppose -3*n = m + m - 40, 5*n + o*m - 65 = 0. List the prime factors of n.
2, 7
Suppose 0*k + 4*j = k - 7, 2*k - 5 = -j. Let q = 17 - k. List the prime factors of q.
2, 7
Suppose -2*z + 15 = 5*b, 2*z + 0*b = 4*b - 12. Suppose z = 4*p + 2 - 18. Suppose p*o - o = 9. List the prime factors of o.
3
Let o(t) = t**3 - 16*t**2 + 2*t - 1. What are the prime factors of o(16)?
31
Let d be ((-188)/(-4))/(2/(-4)). Let j = -45 - d. What are the prime factors of j?
7
Suppose 0 = 3*o - 2*o - 78. Suppose 0*x - 2*x + o = 0. Suppose k + x = 4*k. What are the prime factors of k?
13
Let z be (-11 - 3)*2/(-4). Let d(l) = 2*l - 4. Let g be d(z). Suppose q - 5*n = -g, 9*n - 4*n = -4*q + 60. What are the prime factors of q?
2, 5
Suppose 4*d + 72 - 16 = 0. Let j(z) = z**2 + 14*z + 6. What are the prime factors of j(d)?
2, 3
Let w(t) = -t**3 + 12*t**2 - 9*t - 9. List the prime factors of w(10).
101
Let d(a) = 6*a - 9. What are the prime factors of d(7)?
3, 11
Let r = 906 + -611. List the prime factors of r.
5, 59
Let a(v) = -v**2 + 7*v + 10. Let i be a(7). Suppose 3*h - 5*g = -4*g - i, -4*h + 4*g = 0. Let y = h + 10. List the prime factors of y.
5
Let l(y) = y**3 + 9*y**2 - 9*y + 12. Let j be l(-10). Let g(h) = -5*h - 2. Let v be g(j). What are the prime factors of 126/v*4/(-3)?
2, 7
What are the prime factors of (-3)/9 - 174/(-9)?
19
Let y(s) = s - 1. Suppose 5*g - 40 = -w, 3*w = 5*g + 2*w - 30. What are the prime factors of y(g)?
2, 3
Suppose 0 = 2*b + 19 - 63. Let h be b/(-10) + 4/20. What are the prime factors of h/(-4)*8 + -1?
3
Let u = -1 + 12. List the prime factors of u.
11
Let t be 10*3/(7 - 1). Suppose 0 = t*d - 5*k - 125, -137 = -5*d - k + 3*k. What are the prime factors of d?
29
Let u(d) = 3*d**2 + 4*d - 3. What are the prime factors of u(2)?
17
Suppose 3*i + 7 = 34. Let p = 5 + i. What are the prime factors of p?
2, 7
Let j = -5 + 4. Let i be j + 1 + 0/(-2). Suppose z - 1 = 0, i = 5*u + 5*z + 17 - 57. List the prime factors of u.
7
Let q be ((-20)/15)/(3/(-9)). Suppose 3*t - 5*a - 44 = 0, -q*a - 46 - 26 = -4*t. What are the prime factors of t?
23
Suppose 2*i + 3 = 3*i. Suppose -27 = -i*p - 0*p. List the prime factors of p.
3
Suppose g = -2*g - 114. Let l = g - -53. What are the prime factors of l?
3, 5
Let b(p) be the second derivative of -p**4/12 - 4*p**3/3 - p**2 - 3*p. Suppose 5*v + 1 + 4 = 0, u + 11 = -4*v. What are the prime factors of b(u)?
5
Suppose 4*q = 4*r + 40, -5*r - 56 = -q - 2*q. Let f(o) = o + 17. What are the prime factors of f(r)?
2
Let i(p) be the third derivative of -p**5/60 - p**4/24 + 7*p**3/2 + 5*p**2. What are the prime factors of i(0)?
3, 7
Let v(p) = -p**2 - 10*p. Let u be v(-10). Suppose u = 2*c - 2*f + 14, -2*c = 3*f + 5 + 24. What are the prime factors of (6 - 2)/(c/(-35))?
2, 7
What are the prime factors of ((-4)/1)/((-52)/1014)?
2, 3, 13
Let p = 3 - 11. Let t(f) = -f**2 - 6*f + 2. Let u be t(-8). List the prime factors of (p/(-5))/(u/(-35)).
2
Let r = -87 + 187. What are the prime factors of (-32)/48 + r/6?
2
Suppose 3*u = 3*g - 42, 0*g - 5*u - 16 = g. Suppose -10 = -5*s, -10 = -3*o - 2*s - 0*s. Suppose o = -d + g. What are the prime factors of d?
7
Let y = 11 - 6. List the prime factors of (5 + -3)/(1/y).
2, 5
Let w = 73 - 64. List the prime factors of w.
3
Let v(i) = i**2 + 11. What are the prime factors of v(-7)?
2, 3, 5
Suppose -3*x - 291 + 102 = 5*v, -2*v = -2*x + 66. Let o = v + 64. List the prime factors of o.
2, 7
Let t = -309 - -470. List the prime factors of t.
7, 23
Suppose 3*p + 9 = 2*u + 6*p, 3*u - 51 = 3*p. Let z = u + -7. What are the prime factors of z?
5
Suppose 0 = -3*s + 6*b - 2*b + 6, 4*b - 12 = 0. Let o = s - 4. Suppose -3 - 15 = -o*w. What are the prime factors of w?
3
Let f be (-85)/2*16/(-20). List the prime factors of (f/3)/((-7)/(-21)).
2, 17
Let b(s) = -s**3 + s + 20. Let o be 0 + 0 + (-10 - -10). What are the prime factors of b(o)?
2, 5
Let z be (10/2)/(-3 + 4). Let c be (1/(-1))/(z/(-15)). Let d(u) = u**2 - 2*u - 1. List the prime factors of d(c).
2
Let g = 153 - 107. What are the prime factors of g?
2, 23
Let i(f) = f**2 - 13*f - 3. What are the prime factors of i(-8)?
3, 5, 11
Let l = 3 + 14. What are the prime factors of l?
17
Let w = 40 + -25. Suppose -17 = -4*m + w. List the prime factors of m.
2
Let n = 91 + -18. Let v = -41 + n. List the prime factors of v.
2
Let i = 12 + -27. What are the prime factors of (i/(-10))/((-3)/(-20))?
2, 5
Let g(a) = a**3 + 8*a**2 + 3*a - 7. Let y be g(-7). Suppose 0 = -u + 3*z + 23, z + y = u - 0*u. List the prime factors of u.
2, 5
Suppose -2*t + p - 6*p - 18 = 0, -4*t - 3*p = 8. Let f(i) = -t + 5*i - 3 + 1. List the prime factors of f(3).
2, 3
Let w(o) = -38*o - 12. What are the prime factors of w(-3)?
2, 3, 17
Suppose 2*k = -2*y - 24, 0 = -5*k + 3*y - 0*y - 84. Let r = k + 26. What are the prime factors of r?
11
Let u(t) = 2*t + 0 + 1 + 2*t**2 - 4 + t**2. What are the prime factors of u(2)?
13
Let a = 23 + 21. List the prime factors of a.
2, 11
Let p be (16/(-6))/(1/(-3)). Let j = -3 + p. What are the prime factors of j?
5
Let z be 6/(-9) - (-47)/3. Let m be z*(-5)/((-45)/(-6)). List the prime factors of (m/(-2))/(2/8).
2, 5
Suppose 0 = q + 2*s + 31, 0*s - 4*s - 89 = 3*q. List the prime factors of 2/3 - 900/q.
2, 17
Let h(a) = -a**3 + 5*a**2 - 4*a + 2. Let k be h(4). Suppose q - 8 + k = 0. Let j = 8 - q. What are the prime factors of j?
2
Suppose 0 = 5*s + 104 - 394. What are the prime factors of s?
2, 29
Let l = 32 + -9. List the prime factors of l.
23
Let l be (-2)/(-7) + (-864)/(-14). Suppose -5*o + 141 = 2*x, -5*o + x + l = -70. What are the prime factors of o?
3
Suppose 5*r - 3 = -3*c, 5*c - 4*c - 1 = 2*r. Suppose r = -3*d + 12 + 3. Suppose 3*u - 4*o = 50 - 15, -3*u - d*o = 10. List the prime factors of u.
5
Suppose -2*w - 352 = -3*k, -2*w - 2*w - 134 = -k. What are the prime factors of k?
2, 3, 19
Let v be (-4)/(-2) + 2 + 14. Let i = -33 + v. What are the prime factors of (-1)/(18/i + 1)?
5
Let g(o) = -o**2 - 12*o + 14. Let a(p) = -13*p**2 + 1. Let w be a(1). What are the prime factors of g(w)?
2, 7
Let n = -2 - -7. Suppose r + n*y = 32, 2*r - 16 = -5*y + 28. List the prime factors of r.
2, 3
Suppose -328 - 18 = -2*g. What are the prime factors of g?
173
Let a = 49 - 17. What are the prime factors of a?
2
Suppose -4*c = -2*o + 476 - 78, 4*o + c - 778 = 0. List the prime factors of o.
3, 5, 13
Let s(p) be the third derivative of p**5/60 - 5*p**4/8 + 8*p**3/3 - 4*p**2. What are the prime factors of s(14)?
2
Let w be 19/(-5) - 1/5. Suppose -l + 0*l + k = -16, -2*k - 44 = -3*l. Let t = l + w. What are the prime factors of t?
2
List the prime factors of (-2)/4 + (-90)/(-4).
2, 11
Suppose -4*t + 40 = -284. List the prime factors of t.
3
Let a(s) = -s**3 - 5*s**2 - 2*s + 11. What are the prime factors of a(-6)?
59
Let k(c) = 2 - 2*c**2 + 5*c**3 + 10*c**2 - 4*c**3 + 9*c. Let v be k(-6). Suppose -5*y - 5*g = -75 - 10, v = 4*g. What are the prime factors of y?
2, 3
Suppose 3*d + 50 = -2*d. Let q = 15 + d. What are the prime factors of q?
5
Let q = 7 + -2. Suppose q*i - 125 = -0. Suppose 4*w - i + 5 = 0. What are the prime factors of w?
5
Let i(b) = -4*b**3 - 5*b**2 - 6. What are the prime factors of i(-5)?
3, 41
Let w be 1/1 + (13 - 0). Suppose -22 = 2*j - 7*j - m, 9 = -3*m. Suppose -j*h + 27 = 4*x, -4*x + 7 = 3*h - w. List the prime factors of h.
3
Let u be 462/(-9) - (-2)/(-3). List the prime factors of (-840)/u + 4/(-26).
2
Suppose -4*i = -f - i - 10, -4*i = 4*f - 40. Suppose -f*n + 20 = 0, -5 = -x - n + 8. List the prime factors of x.
3
Let a = 7 + -2. Let b = -6 + a. Let y = 8 + b. What are the prime factors of y?
7
Let l(s) = -s**3 - 8*s**2 - 3*s - 1. Suppose 4*p + 15 = -17. List the prime factors of l(p)